31*u**2 - 507*u - 1711. Determine g(4).
21
Let w(l) = -2*l**2 + 7531*l + 3414729. Calculate w(-409).
-12
Let w(s) = -4*s**2 - 7277*s - 263780. Give w(-37).
-7
Let u(v) = 1159*v**3 + 9265*v**2 - 59*v - 14. Calculate u(-8).
10
Let q(d) = 3488*d + 2343927. What is q(-672)?
-9
Let n(k) = -2*k**3 + 77*k**2 + 159*k - 4816. What is n(39)?
-136
Let w(m) = 2*m**3 - 467*m**2 - 2612*m - 4073. Determine w(239).
-10
Let v(h) = 4*h**3 - 47*h**2 - 8594*h + 103001. Give v(12).
17
Let c(d) = 56968*d - 626644. Determine c(11).
4
Let h(l) = 5*l**2 - 964*l - 516. What is h(192)?
-1284
Let t(x) = x**3 - 34*x**2 + 77*x + 194. Give t(30).
-1096
Let n(a) = 2*a**2 - 92*a - 558. Determine n(56).
562
Let r(n) = -301328*n - 904010. Calculate r(-3).
-26
Let t(p) = -2*p**2 - 365*p - 16294. What is t(-87)?
323
Let t(l) = -4414*l - 46447. Give t(-11).
2107
Let d(q) = -163806*q + 8354113. What is d(51)?
7
Let y(p) = -1162*p + 397399. Determine y(342).
-5
Let q(y) = -3*y**2 + 496*y - 1626. Give q(161).
467
Let g(h) = -13943*h - 320662. Determine g(-23).
27
Let q(o) = 1145*o + 12117. Determine q(-17).
-7348
Let h(r) = -16*r**2 + 2360*r + 19915. Give h(-8).
11
Let k(v) = 4497*v + 404595. Calculate k(-90).
-135
Let o(y) = y**3 + 15*y**2 - 150*y + 262. Calculate o(9).
856
Let b(h) = -521372*h - 4170971. Give b(-8).
5
Let m(y) = 7*y**3 - 21*y - 21. Determine m(4).
343
Let j(w) = 75622*w - 6427879. Calculate j(85).
-9
Let j(y) = -225*y**2 + 1336*y + 68. Give j(6).
-16
Let g(l) = -2*l**2 - 13097*l - 4537220. Calculate g(-367).
1
Let v(u) = -u**3 + 32*u**2 - 157*u - 976. Calculate v(12).
20
Let l(x) = -x**3 - 13*x**2 - 57*x - 62. Determine l(-12).
478
Let t(w) = -2312*w - 166456. What is t(-72)?
8
Let q(i) = -i**3 + 98*i**2 + 135*i - 1964. What is q(99)?
1600
Let k(q) = 99005*q - 6336306. What is k(64)?
14
Let y(i) = i**3 + 33*i**2 + 115*i - 2554. What is y(-20)?
346
Let j(w) = -w**2 - 11486*w + 4118237. Calculate j(348).
5
Let y(o) = 4*o**3 - 60*o**2 - 177*o + 2412. Calculate y(17).
1715
Let h(y) = y**2 + 450*y + 38857. Determine h(-117).
-104
Let n(x) = 20*x**2 + 6542*x + 122842. Give n(-20).
2
Let s(i) = 7*i**3 + 64*i**2 - 16*i - 233. Determine s(-9).
-8
Let m(a) = 3*a**2 + 3604*a + 718394. Calculate m(-949).
1
Let a(h) = -45*h**2 - 66*h - 181. Determine a(-3).
-388
Let h(n) = -322*n - 3939. Give h(-18).
1857
Let c(g) = -g**3 + 11*g**2 - 16*g + 1. Calculate c(1).
-5
Let l(s) = -s**2 + 438865*s - 1755435. Give l(4).
9
Let l(k) = 8*k**2 + 241*k - 33. What is l(-14)?
-1839
Let t(r) = -67305*r + 3836379. Determine t(57).
-6
Let a(z) = z**3 + 45*z**2 - 799*z + 67. Determine a(10).
-2423
Let q(l) = -3*l**2 + 159*l - 980. Determine q(6).
-134
Let s(d) = d**2 - 730*d - 467408. Give s(-410).
-8
Let z(n) = -17*n**2 - 10242*n - 100744. Give z(-10).
-24
Let p(f) = -116*f**3 + 6*f**2 + 769*f - 775. Determine p(1).
-116
Let z(m) = -4363*m - 74160. Determine z(-17).
11
Let d(a) = 2*a**2 - 1952*a + 83634. Determine d(931).
-156
Let c(b) = -37*b**2 + 1061*b - 8351. Calculate c(8).
-2231
Let u(m) = -m**3 - 81*m**2 + 3193*m - 15363. Determine u(-111).
-156
Let f(b) = b**3 - 404*b**2 - 37*b + 14850. Give f(404).
-98
Let h(t) = 280*t + 13156. Calculate h(-46).
276
Let r(o) = 240*o - 6310. Give r(28).
410
Let p(r) = -r**3 + 124*r**2 - 152*r + 3922. Calculate p(123).
355
Let h(f) = f**3 + 32*f**2 - 167*f - 811. Determine h(-36).
17
Let s(m) = -7*m**2 + 346*m + 7. What is s(-7)?
-2758
Let r(f) = -6*f**3 - 286*f**2 - 3385*f + 67. Give r(-22).
1
Let f(o) = -21*o**3 + 26*o**2 - 67*o + 20. What is f(2)?
-178
Let s(a) = -178*a - 17107. What is s(-97)?
159
Let n(i) = -350299*i - 1050898. Calculate n(-3).
-1
Let j(w) = -433*w - 14797. Give j(-34).
-75
Let a(s) = -s**3 + 11*s**2 + 2191*s - 15511. What is a(7)?
22
Let h(t) = -t**3 + 393*t**2 + 1030*t + 62547. Calculate h(396).
-21
Let f(q) = -25747*q + 901109. Calculate f(35).
-36
Let s(g) = 7*g**3 + 184*g**2 + 52*g - 108. Determine s(-26).
-108
Let f(j) = 621*j - 8115. Give f(16).
1821
Let y(n) = -724*n**2 - 3302*n + 1618. Calculate y(-5).
28
Let t(w) = -5*w**2 - 781*w + 332. Give t(-156).
488
Let o(y) = 387*y**2 + 1680*y - 3365. Calculate o(2).
1543
Let g(w) = 16443*w + 312403. Calculate g(-19).
-14
Let m(g) = -444*g - 21139. Determine m(-46).
-715
Let z(d) = d**3 - 16*d**2 + 89*d - 95. Give z(14).
759
Let h(y) = y**3 - 1567*y**2 + 4234*y + 1368. Determine h(3).
-6
Let f(z) = -2*z**3 + 143*z**2 - 834*z + 190. What is f(6)?
-98
Let s(i) = 2*i**3 - 54*i**2 - 2267*i + 9757. Determine s(4).
-47
Let h(d) = -d**3 - 27*d**2 - 56*d - 29. Give h(-18).
-1937
Let f(l) = -303*l - 8344. What is f(-27)?
-163
Let w(p) = -701*p + 258686. Give w(367).
1419
Let v(z) = -10*z**2 - 21*z + 1607. Determine v(-14).
-59
Let t(a) = 71*a + 8406. Give t(-121).
-185
Let p(w) = -178515*w - 2499209. Determine p(-14).
1
Let k(q) = q**3 + 155*q**2 + 2201*q - 377. What is k(-16)?
-9
Let j(u) = -84*u**2 + 13023*u - 414. Give j(155).
51
Let p(v) = 3*v**3 - 29*v**2 + 7*v - 11. What is p(7)?
-354
Let p(a) = -19*a**2 - 95*a + 236. What is p(-8)?
-220
Let v(o) = -17*o - 3245. Determine v(-35).
-2650
Let l(c) = 2*c**2 + 215*c + 2450. Determine l(-109).
2777
Let c(n) = n**3 + 41*n**2 + 175*n + 3802. What is c(-39)?
19
Let z(q) = 296*q + 41746. Calculate z(-141).
10
Let u(w) = -24*w**3 - 664*w**2 + 317*w + 2602. Calculate u(-28).
-2
Let y(f) = -6058*f + 142. Calculate y(0).
142
Let p(b) = -15*b**3 + 129*b**2 - 85*b + 3. What is p(8)?
-101
Let a(x) = 2*x**3 + 89*x**2 - 59*x + 56. Determine a(-45).
686
Let t(g) = -61*g**2 + 5*g - 19. What is t(-1)?
-85
Let g(v) = -1673*v - 200765. Give g(-120).
-5
Let n(s) = 3*s**2 - 61*s - 2605. What is n(39)?
-421
Let k(q) = -3626*q - 920999. Give k(-254).
5
Let q(o) = 2535*o - 4367807. Calculate q(1723).
-2
Let l(q) = q**3 + 795*q**2 + 11706*q - 94. Give l(-15).
-184
Let i(l) = -l**2 - 779606*l + 3898053. Calculate i(5).
-2
Let j(x) = -2*x**2 + 178*x - 3705. Give j(54).
75
Let z(b) = -400*b - 20873. Give z(-52).
-73
Let g(f) = 3*f**3 - 5*f**2 + 4506*f - 13556. Determine g(3).
-2
Let z(f) = f**2 + 496*f - 335612. What is z(382)?
-216
Let u(s) = -818*s**2 - 5687*s + 281. Determine u(-7).
8
Let u(f) = -3*f**3 - 31*f**2 - 80*f + 96. Determine u(-12).
1776
Let q(w) = -91441*w + 2926112. What is q(32)?
0
Let h(w) = 502451*w + 9044110. Determine h(-18).
-8
Let t(u) = -2*u**3 - 21*u**2 - 356*u - 4041. What is t(-11)?
-4
Let i(x) = 13*x**2 + 721*x - 3922. What is i(5)?
8
Let l(s) = s**3 + 14*s**2 - 200*s - 447. Give l(-2).
1
Let n(l) = 4*l**2 + 1956*l + 33922. Determine n(-18).
10
Let n(d) = -405*d - 38737. Determine n(-95).
-262
Let t(s) = -s**3 - 76*s**2 - 1419*s - 148. Determine t(-44).
336
Let l(v) = 7*v**3 + 132*v**2 + 87*v - 371. Give l(-18).
7
Let l(c) = 2855*c + 41902. What is l(-15)?
-923
Let d(o) = -2695*o - 1714026. Calculate d(-636).
-6
Let l(v) = 5*v**2 + 335*v + 2363. What is l(-7)?
263
Let a(r) = -776*r - 5442. What is a(-7)?
-10
Let l(a) = -1384248*a + 13842461. Determine l(10).
-19
Let l(y) = 4*y**3 + 9*y**2 - 199*y + 793. What is l(4)?
397
Let f(k) = -114*k - 1057. Give f(-3).
-715
Let f(d) = -26987*d - 3346373. Calculate f(-124).
15
Let h(j) = -2586*j + 9700. Calculate h(3).
1942
Let v(a) = -3204*a - 1925323. Give v(-601).
281
Let p(o) = 8*o**2 - 429*o - 2919. What is p(-6)?
-57
Let d(l) = 10*l**3 + 69*l**2 + 59*l + 14. What is d(-5)?
194
Let j(k) = 337*k - 37010. Calculate j(111).
397
Let y(p) = 2*p**3 + 136*p**2 + 4*p + 266. Determine y(-68).
-6
Let r(f) = -2*f**3 - 220*f**2 - 1819*f - 16. Give r(-9).
-7
Let p(l) = 2317*l + 71119. What is p(-31)?
-708
Let g(t) = 65*t**2 + 40*t - 73. Calculate g(4).
1127
Let f(z) = -z**2 + 604*z - 38791. Calculate f(69).
-1876
Let d(l) = -3*l**2 - 10428*l + 52218. What is d(5)?
3
Let s(g) = g**2 + 1412*g - 5699. Calculate s(4).
-35
Let f(x) = 9760*x - 126861. Determine f(13).
19
Let i(t) = -2*t**3 - 164*t**2 - 146*t - 4829. What is i(-81)?
-6125
Let a(z) = 20*z**2 + 71*z - 895. Calculate a(-9).
86
Let a(j) = 154989*j - 774944. Calculate a(5).
1
Let j(m) = 432*m**2 + 2586*m + 104. What is j(-6)?
140
Let j(x) = x**2 - 209832*x - 1259029. Give j(-6).
-1
Let l(s) = 193054*s + 579226. What is l(-3)?
64
Let q(s) = 2*s**2 - 837*s + 40926. Calculate q(362).
20
Let h(z) = -2825*z + 8363. Determine h(3).
-112
Let j(z) = z**2 + 356